{"id":1837,"date":"2023-09-15T22:37:42","date_gmt":"2023-09-16T04:37:42","guid":{"rendered":"https:\/\/hotellasemilla.com\/website\/?page_id=1837"},"modified":"2025-10-02T09:06:12","modified_gmt":"2025-10-02T15:06:12","slug":"hospitalidad-con-conciencia","status":"publish","type":"page","link":"https:\/\/hotellasemilla.com\/website\/hospitalidad-con-conciencia\/","title":{"rendered":"Hospitalidad con conciencia"},"content":{"rendered":"\t\t<div data-elementor-type=\"wp-page\" data-elementor-id=\"1837\" class=\"elementor elementor-1837\">\n\t\t\t\t\t\t<section class=\"elementor-section elementor-top-section elementor-element elementor-element-d7d29ff elementor-section-full_width elementor-section-content-top elementor-section-height-default elementor-section-height-default\" data-id=\"d7d29ff\" data-element_type=\"section\">\n\t\t\t\t\t\t<div class=\"elementor-container elementor-column-gap-wider\">\n\t\t\t\t\t<div class=\"aux-parallax-section elementor-column elementor-col-33 elementor-top-column elementor-element elementor-element-91e8c0e\" data-id=\"91e8c0e\" data-element_type=\"column\">\n\t\t\t<div class=\"elementor-widget-wrap elementor-element-populated\">\n\t\t\t\t\t\t<div class=\"elementor-element elementor-element-47deb9e3 elementor-widget elementor-widget-text-editor\" data-id=\"47deb9e3\" data-element_type=\"widget\" data-widget_type=\"text-editor.default\">\n\t\t\t\t<div class=\"elementor-widget-container\">\n\t\t\t\t\t\t\t\t\t<p class=\"p1\">Hospitalidad con conciencia<\/p>\t\t\t\t\t\t\t\t<\/div>\n\t\t\t\t<\/div>\n\t\t\t\t<div class=\"elementor-element elementor-element-3527b89b elementor-widget elementor-widget-heading\" data-id=\"3527b89b\" data-element_type=\"widget\" data-widget_type=\"heading.default\">\n\t\t\t\t<div class=\"elementor-widget-container\">\n\t\t\t\t\t<h2 class=\"elementor-heading-title elementor-size-default\">Cada semilla tiene todas las posibilidades para crearlo todo<\/h2>\t\t\t\t<\/div>\n\t\t\t\t<\/div>\n\t\t\t\t<div class=\"elementor-element elementor-element-b261486 elementor-widget elementor-widget-text-editor\" data-id=\"b261486\" data-element_type=\"widget\" data-widget_type=\"text-editor.default\">\n\t\t\t\t<div class=\"elementor-widget-container\">\n\t\t\t\t\t\t\t\t\t<p class=\"p1\">Creamos un espacio para que nuestros hu\u00e9spedes expandan su conocimiento y conciencia humana. Hospitalidad responsable es lo que hacemos. Implica ser conscientes de nuestro impacto en el medio ambiente y nuestra contribuci\u00f3n al futuro de la sociedad.<\/p>\t\t\t\t\t\t\t\t<\/div>\n\t\t\t\t<\/div>\n\t\t\t\t\t<\/div>\n\t\t<\/div>\n\t\t\t\t<div class=\"aux-parallax-section elementor-column elementor-col-33 elementor-top-column elementor-element elementor-element-ead746e\" data-id=\"ead746e\" data-element_type=\"column\" data-settings=\"{&quot;background_background&quot;:&quot;classic&quot;}\">\n\t\t\t<div class=\"elementor-widget-wrap\">\n\t\t\t\t\t\t\t<\/div>\n\t\t<\/div>\n\t\t\t\t<div class=\"aux-parallax-section elementor-column elementor-col-33 elementor-top-column elementor-element elementor-element-01204dc\" data-id=\"01204dc\" data-element_type=\"column\">\n\t\t\t<div class=\"elementor-widget-wrap elementor-element-populated\">\n\t\t\t\t\t\t<div class=\"elementor-element elementor-element-132c8c83 elementor-widget elementor-widget-text-editor\" data-id=\"132c8c83\" data-element_type=\"widget\" data-widget_type=\"text-editor.default\">\n\t\t\t\t<div class=\"elementor-widget-container\">\n\t\t\t\t\t\t\t\t\t<p class=\"p1\"><b>Servicio<\/b><\/p><p class=\"p1\">Al crear un ambiente c\u00e1lido y acogedor, nos anticipamos a tus necesidades yendo m\u00e1s all\u00e1 para asegurarnos de que tengas una experiencia memorable y \u00fanica en todos los sentidos.<\/p>\t\t\t\t\t\t\t\t<\/div>\n\t\t\t\t<\/div>\n\t\t\t\t<div class=\"elementor-element elementor-element-b6ea33a elementor-widget elementor-widget-text-editor\" data-id=\"b6ea33a\" data-element_type=\"widget\" data-widget_type=\"text-editor.default\">\n\t\t\t\t<div class=\"elementor-widget-container\">\n\t\t\t\t\t\t\t\t\t<p class=\"p1\"><b>Respeto<\/b><\/p>\n<p class=\"p1\">Al promover la cultura local con una profunda conexi\u00f3n con la naturaleza, los animales y nuestra comunidad, tratamos de abrazar tu sentido de asombro e ir hacia el interior para sentir algo inesperado.<\/p><p class=\"p1\"><br><\/p><p class=\"p1\"><br><\/p>\t\t\t\t\t\t\t\t<\/div>\n\t\t\t\t<\/div>\n\t\t\t\t\t<\/div>\n\t\t<\/div>\n\t\t\t\t\t<\/div>\n\t\t<\/section>\n\t\t\t\t<\/div>\n\t\t","protected":false},"excerpt":{"rendered":"<p>Hospitalidad con conciencia Cada semilla tiene todas las posibilidades para crearlo todo Creamos un espacio para que nuestros hu\u00e9spedes expandan su conocimiento y conciencia humana. Hospitalidad responsable es lo que hacemos. Implica ser conscientes de nuestro impacto en el medio ambiente y nuestra contribuci\u00f3n al futuro de la sociedad. Servicio Al crear un ambiente c\u00e1lido [&hellip;]<\/p>\n","protected":false},"author":4,"featured_media":0,"parent":0,"menu_order":0,"comment_status":"closed","ping_status":"closed","template":"elementor_header_footer","meta":{"om_disable_all_campaigns":false,"_monsterinsights_skip_tracking":false,"_monsterinsights_sitenote_active":false,"_monsterinsights_sitenote_note":"","_monsterinsights_sitenote_category":0,"_uf_show_specific_survey":0,"_uf_disable_surveys":false,"footnotes":""},"class_list":["post-1837","page","type-page","status-publish","hentry"],"aioseo_notices":[],"_links":{"self":[{"href":"https:\/\/hotellasemilla.com\/website\/wp-json\/wp\/v2\/pages\/1837","targetHints":{"allow":["GET"]}}],"collection":[{"href":"https:\/\/hotellasemilla.com\/website\/wp-json\/wp\/v2\/pages"}],"about":[{"href":"https:\/\/hotellasemilla.com\/website\/wp-json\/wp\/v2\/types\/page"}],"author":[{"embeddable":true,"href":"https:\/\/hotellasemilla.com\/website\/wp-json\/wp\/v2\/users\/4"}],"replies":[{"embeddable":true,"href":"https:\/\/hotellasemilla.com\/website\/wp-json\/wp\/v2\/comments?post=1837"}],"version-history":[{"count":74,"href":"https:\/\/hotellasemilla.com\/website\/wp-json\/wp\/v2\/pages\/1837\/revisions"}],"predecessor-version":[{"id":2935,"href":"https:\/\/hotellasemilla.com\/website\/wp-json\/wp\/v2\/pages\/1837\/revisions\/2935"}],"wp:attachment":[{"href":"https:\/\/hotellasemilla.com\/website\/wp-json\/wp\/v2\/media?parent=1837"}],"curies":[{"name":"wp","href":"https:\/\/api.w.org\/{rel}","templated":true}]}}