{"id":1772,"date":"2023-09-15T22:13:12","date_gmt":"2023-09-16T04:13:12","guid":{"rendered":"https:\/\/hotellasemilla.com\/website\/?page_id=1772"},"modified":"2025-10-02T09:07:47","modified_gmt":"2025-10-02T15:07:47","slug":"nosotros","status":"publish","type":"page","link":"https:\/\/hotellasemilla.com\/website\/nosotros\/","title":{"rendered":"Nosotros"},"content":{"rendered":"\t\t<div data-elementor-type=\"wp-page\" data-elementor-id=\"1772\" class=\"elementor elementor-1772\">\n\t\t\t\t\t\t<section class=\"elementor-section elementor-top-section elementor-element elementor-element-88dc9ee elementor-section-content-middle elementor-section-full_width elementor-section-height-default elementor-section-height-default\" data-id=\"88dc9ee\" data-element_type=\"section\">\n\t\t\t\t\t\t<div class=\"elementor-container elementor-column-gap-wider\">\n\t\t\t\t\t<div class=\"aux-parallax-section elementor-column elementor-col-50 elementor-top-column elementor-element elementor-element-8c1dabc\" data-id=\"8c1dabc\" data-element_type=\"column\" data-settings=\"{&quot;background_background&quot;:&quot;classic&quot;}\">\n\t\t\t<div class=\"elementor-widget-wrap\">\n\t\t\t\t\t\t\t<\/div>\n\t\t<\/div>\n\t\t\t\t<div class=\"aux-parallax-section elementor-column elementor-col-50 elementor-top-column elementor-element elementor-element-9a06d0a\" data-id=\"9a06d0a\" data-element_type=\"column\">\n\t\t\t<div class=\"elementor-widget-wrap elementor-element-populated\">\n\t\t\t\t\t\t<div class=\"elementor-element elementor-element-c0adc20 elementor-widget elementor-widget-text-editor\" data-id=\"c0adc20\" data-element_type=\"widget\" data-widget_type=\"text-editor.default\">\n\t\t\t\t<div class=\"elementor-widget-container\">\n\t\t\t\t\t\t\t\t\t<p>Nosotros<\/p>\t\t\t\t\t\t\t\t<\/div>\n\t\t\t\t<\/div>\n\t\t\t\t<div class=\"elementor-element elementor-element-1ae4ff0 elementor-widget elementor-widget-heading\" data-id=\"1ae4ff0\" data-element_type=\"widget\" data-widget_type=\"heading.default\">\n\t\t\t\t<div class=\"elementor-widget-container\">\n\t\t\t\t\t<h2 class=\"elementor-heading-title elementor-size-default\">Bienvenidos a Hotel<br>\nLa Semilla<\/h2>\t\t\t\t<\/div>\n\t\t\t\t<\/div>\n\t\t\t\t<div class=\"elementor-element elementor-element-ca09b68 elementor-widget elementor-widget-text-editor\" data-id=\"ca09b68\" data-element_type=\"widget\" data-widget_type=\"text-editor.default\">\n\t\t\t\t<div class=\"elementor-widget-container\">\n\t\t\t\t\t\t\t\t\t<p class=\"p1\">Abordamos cada aspecto del Hotel con conciencia, prop\u00f3sito y respeto por la naturaleza. Construimos este lugar m\u00e1gico con amor y cuidado. Imaginamos un lugar especial donde los hu\u00e9spedes puedan ampliar su comprensi\u00f3n de s\u00ed mismos.<\/p>\n<p class=\"p1\">Con amor,<\/p>\n<p class=\"p1\"><i>Angie &amp; Alexis, Co-Founders<\/i><\/p>\t\t\t\t\t\t\t\t<\/div>\n\t\t\t\t<\/div>\n\t\t\t\t\t<\/div>\n\t\t<\/div>\n\t\t\t\t\t<\/div>\n\t\t<\/section>\n\t\t\t\t<\/div>\n\t\t","protected":false},"excerpt":{"rendered":"<p>Nosotros Bienvenidos a Hotel La Semilla Abordamos cada aspecto del Hotel con conciencia, prop\u00f3sito y respeto por la naturaleza. Construimos este lugar m\u00e1gico con amor y cuidado. Imaginamos un lugar especial donde los hu\u00e9spedes puedan ampliar su comprensi\u00f3n de s\u00ed mismos. Con amor, Angie &amp; Alexis, Co-Founders<\/p>\n","protected":false},"author":4,"featured_media":0,"parent":0,"menu_order":0,"comment_status":"closed","ping_status":"closed","template":"elementor_header_footer","meta":{"om_disable_all_campaigns":false,"_monsterinsights_skip_tracking":false,"_monsterinsights_sitenote_active":false,"_monsterinsights_sitenote_note":"","_monsterinsights_sitenote_category":0,"_uf_show_specific_survey":0,"_uf_disable_surveys":false,"footnotes":""},"class_list":["post-1772","page","type-page","status-publish","hentry"],"aioseo_notices":[],"_links":{"self":[{"href":"https:\/\/hotellasemilla.com\/website\/wp-json\/wp\/v2\/pages\/1772","targetHints":{"allow":["GET"]}}],"collection":[{"href":"https:\/\/hotellasemilla.com\/website\/wp-json\/wp\/v2\/pages"}],"about":[{"href":"https:\/\/hotellasemilla.com\/website\/wp-json\/wp\/v2\/types\/page"}],"author":[{"embeddable":true,"href":"https:\/\/hotellasemilla.com\/website\/wp-json\/wp\/v2\/users\/4"}],"replies":[{"embeddable":true,"href":"https:\/\/hotellasemilla.com\/website\/wp-json\/wp\/v2\/comments?post=1772"}],"version-history":[{"count":91,"href":"https:\/\/hotellasemilla.com\/website\/wp-json\/wp\/v2\/pages\/1772\/revisions"}],"predecessor-version":[{"id":2938,"href":"https:\/\/hotellasemilla.com\/website\/wp-json\/wp\/v2\/pages\/1772\/revisions\/2938"}],"wp:attachment":[{"href":"https:\/\/hotellasemilla.com\/website\/wp-json\/wp\/v2\/media?parent=1772"}],"curies":[{"name":"wp","href":"https:\/\/api.w.org\/{rel}","templated":true}]}}